-10)/(-6) + 3/9. Let h(m) = -15 - 9*m**2 + 6*m**q + 2*m**2 - 12*m. What is the tens digit of h(-6)?
2
Let z(i) = i**3 + i**2. Let n be z(1). Suppose -b + 0*b = -n. Let k = 22 - b. What is the units digit of k?
0
Suppose -5*m - 2*s + 25 = -0*m, m - 28 = -5*s. Let g be (m/(-9))/(3/(-36)). Suppose g = 3*c - c. What is the units digit of c?
2
Suppose a + a = 3*o + 43, 2*o + 90 = 4*a. Let f = a + 17. What is the tens digit of f?
4
Let j(a) = -a**2 - 9*a - 6. Let u be j(-8). What is the tens digit of u/(-4)*(-359 - 1)?
8
Let g = -8 - -11. Let f = 7 - g. Suppose 5*z - 13 = f*z. What is the tens digit of z?
1
Let y(r) be the first derivative of r**4/4 - r**3/3 + 1. Let f(c) = 55*c**3 - 4*c**2 + 1. Let l(d) = -f(d) + 2*y(d). What is the tens digit of l(-1)?
5
Let z(x) = -18*x**3 - 5*x**2 - 9*x + 1. What is the tens digit of z(-3)?
6
Let v(w) = -2*w + 28. Suppose 2*x + 2 = 5*j + x, -2*j = -x - 2. What is the units digit of v(j)?
8
Let i(v) = -11*v + 8. Let y(m) = -11*m + 9. Let t(l) = 3*i(l) - 4*y(l). Let c be t(10). Let s = c - 38. What is the tens digit of s?
6
Suppose -119*a + 123*a = 280. Let o = a + -42. What is the tens digit of o?
2
Let b = -1504 - -2444. What is the tens digit of b?
4
Suppose o - 2*p + 40 = -48, -4*o = p + 334. What is the tens digit of (0 + o)/((4/4)/(-1))?
8
Let k be (-2)/(-6)*(1 + 8). Suppose -24 = 3*z + k*z. What is the tens digit of 113/2 - 2/z?
5
Let h be ((-16)/(-12) - 1)*9. Suppose 0 = -j - 4*v - 12 - 19, 0 = h*j + 5*v + 79. Let s = 11 - j. What is the tens digit of s?
3
Suppose 4*c - 8*c = -w + 177, 3*w = 2*c + 571. What is the units digit of w?
3
Let l(k) = 30*k - 163. Let d be l(6). Suppose 2*q - 23 = -y, -q + 10 = -0*y + y. Let c = d - q. What is the units digit of c?
4
Suppose -s = 14*s - 11250. What is the hundreds digit of s?
7
Suppose -i = 3*g - 691 - 712, 0 = -2*g - 4*i + 942. What is the tens digit of g?
6
Let w(n) be the first derivative of -n**4/2 + 11*n**3/3 + 3*n**2 + 8*n - 20. Let c = -5 - -11. What is the units digit of w(c)?
8
What is the hundreds digit of 17/(4250/1054 - 4*1)?
5
What is the units digit of (1*(-244)/(-7))/(166/581)?
2
Let w(h) = 1. Suppose -3*v + 6*v + 21 = 0. Let z(d) = -d + 4. Let x(i) = v*w(i) + 2*z(i). What is the units digit of x(-4)?
9
Let c(s) = 6*s**2 - 12*s + 4*s**2 + 29 - s**3 + 9*s. What is the hundreds digit of c(7)?
1
Let b(u) = 87*u**2. Let m be b(-1). Suppose 2*l + 2*l = 5*z + m, 3*l + z - 51 = 0. What is the tens digit of l?
1
What is the hundreds digit of -4 + ((-21255)/4)/13*-4?
6
Let f(i) = -i + 10. Let l be f(9). Let q = l + 42. What is the tens digit of q?
4
Let y = -1109 + 1362. What is the hundreds digit of y?
2
Suppose 7060 = 44*d - 40*d. What is the units digit of d?
5
Suppose -2*x = -5*x + 9. Suppose -x*j - 19 = -5*u, 0 = -3*j + j - u + 9. What is the tens digit of (-34)/(-1) + (-2 - j)?
3
Let h = -49 + 46. What is the hundreds digit of 129 + 1 + 9/h?
1
Let o be 3/(-1)*(-4)/3 + -1. What is the units digit of (o + 20/(-12))*21?
8
Let l(x) = -x**2 - 7*x - 15. Let j be l(-6). Let o(f) = f - 1. Let w(q) = -2*q + 13. Let a(b) = 3*o(b) + w(b). What is the units digit of a(j)?
1
Let s(v) be the second derivative of -v**2 + 0 + 1/3*v**3 + 1/3*v**4 + 3*v. What is the tens digit of s(-2)?
1
What is the tens digit of ((-174)/7)/(81/(-378))?
1
Let v(o) = 1. Let p(b) = -b + 2. Let k(x) = 2*p(x) - 6*v(x). What is the units digit of k(-3)?
4
Suppose 0 = -9*i + 397 + 98. What is the units digit of i?
5
Let i(p) = 40*p**3 + 6*p**2 + 5*p - 6. Let c(r) = -39*r**3 - 5*r**2 - 4*r + 5. Let y(n) = 5*c(n) + 4*i(n). What is the units digit of y(-1)?
5
What is the units digit of ((-7425)/(-132))/((-3)/(-272))?
0
Suppose 2*k - 288 = -k. Let u(q) = -q + 10. Let o be u(0). Suppose -o*x + 6*x + k = 0. What is the tens digit of x?
2
What is the units digit of (-121297)/(-165) - (-4)/(-30)?
5
Suppose m = 2*u - 1229, -3065 = -7*u + 2*u - 5*m. What is the units digit of u?
4
What is the hundreds digit of 11/(132/(-2572))*-3?
6
Let f be (-12)/42 + ((-3132)/21)/(-4). Suppose 0 = -3*o + 3*z - z + f, 0 = -3*z + 3. What is the tens digit of o?
1
Let k(y) = 2 + 5*y**3 - 4*y**3 - 10*y**2 + 12*y - 11. Suppose -117 + 45 = -8*t. What is the tens digit of k(t)?
1
Suppose 0 = -22*h - 2002 + 20350. What is the units digit of h?
4
Let c = 1838 + 1189. What is the hundreds digit of c?
0
Suppose 0 = 6*l - 2*l. What is the units digit of l + 2 - (-5 - 5)?
2
Let k = -328 + 724. What is the hundreds digit of k?
3
Suppose -9*u = -10*u - 100. Let o(j) = 7*j**2 - 2*j + 2. Let i be o(5). Let c = u + i. What is the tens digit of c?
6
Let o = -2 + 8. Suppose 4*k = -o - 2. What is the tens digit of 35 - (1 - (k + 2))?
3
Let f = -49 + 47. What is the tens digit of (-2)/((f/32)/((-154)/(-28)))?
7
Suppose 0 = 4*s - c - 3191, 1376 = 2*s + 2*c - 232. What is the tens digit of s?
9
What is the units digit of (1 - 2)/(-7 - -5 - -1)?
1
Let r(o) = -35*o**3 + 11*o**2 + 17*o - 1. What is the units digit of r(-3)?
2
Suppose -d = 3*h - 2581, 0 = -d - 7*h + 11*h + 2602. What is the hundreds digit of d?
5
Let k(r) = -8*r - 38. What is the units digit of k(-17)?
8
Let p(z) = -2*z + 2. Let u be p(-1). Suppose -3*d = -f + 27 - 3, u*d = 3*f - 47. Suppose 1 = -2*y + f. What is the units digit of y?
4
Let g(v) = -5*v**3 - 2*v**2 - 3*v - 3. Let w be g(-2). Let m = w - -50. What is the tens digit of m?
8
Let j = -3376 - -6577. What is the units digit of j?
1
Let g be (-15)/(-9)*2*-3. Let b = -3 - g. What is the units digit of b?
7
Let n(a) = a**2 - 12*a - 12. Let b be n(12). Let v be 12/(-16) - 33/b. Suppose -5*r = -3*p + 99, v*p = -p - 4*r + 126. What is the tens digit of p?
3
Suppose 2*j = 7*j - 130. Let y = j - -19. What is the tens digit of y?
4
Suppose -5*y + 5952 = 3*a, -5*a - 3*y + 6*y = -9954. What is the tens digit of a?
8
Suppose -5*b - 2*n = -290 - 760, -210 = -b + n. What is the units digit of b?
0
Let f(j) = -j. Let o(h) = -h**2 - 4*h - 21. Let u(w) = 4*f(w) - o(w). Let a = 5 - 5. What is the tens digit of u(a)?
2
Let b = 1404 - -246. What is the thousands digit of b?
1
Let i(v) = 2*v - 3. Let d be i(4). Suppose -2*z + 2*l = 10, -d*z - l + 2*l = 5. Suppose h + h - 24 = z. What is the units digit of h?
2
Suppose -645696 = -229*v + 85*v. What is the units digit of v?
4
Let n(k) = k**3 - 20*k**2 + 24*k - 16. What is the units digit of n(20)?
4
Let u = 2577 + -1127. What is the thousands digit of u?
1
Suppose 2*s - 4117 = -2*l + 1003, -3*l - s = -7684. What is the hundreds digit of l?
5
Let f(o) = -23*o - 44. What is the hundreds digit of f(-43)?
9
Let m be ((-160)/(-60))/((-2)/(-3)). Suppose -4 = -m*s + 4. Suppose -s*n = -0*n - 64. What is the units digit of n?
2
Suppose -5*a + 0*a + 80 = 0. Suppose 6*r = -4*y + 2*r + 28, 2*r = -3*y + a. Suppose 4*o = -y*v + 224, -2*v + 67 + 49 = 2*o. What is the units digit of o?
4
Let x(i) be the first derivative of i**3/3 - 23*i**2/2 + 9*i + 10. What is the hundreds digit of x(27)?
1
Let n(c) = c**3 + c**2 - 4*c + 1003. What is the hundreds digit of n(0)?
0
Let j = 155 + -30. Suppose -5*r = -0*r - j. Suppose 0 = -5*x + 10 + r. What is the units digit of x?
7
Suppose -4 + 13 = l + 2*z, -5*l = 3*z - 24. What is the tens digit of (l/(12/656))/2?
8
Let q be -2 - (-1)/(2/(-2)). Let s be -57 - (-1 - q/(-3)). Let d = 79 + s. What is the units digit of d?
4
Let i(b) = b**2 + 23*b - 6. Let u be i(-24). Suppose 8*r + 670 = u*r. What is the tens digit of r?
6
Let j(z) = -z**2 - 10*z - 9. Let b be j(-9). What is the units digit of (2 - b) + 53 + -5?
0
Suppose -3*o - 25 = 2*d, 4*d - 5*o = -o. Let t(k) = -93*k - 97*k + 274*k - 9 - 96*k. What is the tens digit of t(d)?
5
Let o(s) be the first derivative of -s**3/3 + 11*s**2 - 4*s + 34. What is the hundreds digit of o(10)?
1
Let j(z) = -z**2 + 4*z + 1. Let k be (0 - -2) + (-8)/(-4). Let v be j(k). What is the units digit of (v + (-2 - 2))*-4?
2
Suppose 3*g = -4*b + b + 24, -2*b + 5*g - 19 = 0. Let d(r) = 24*r**2 - 3*r + 3. What is the units digit of d(b)?
0
Suppose 20*a - 12*a - 4528 = 0. What is the tens digit of a?
6
Suppose f + 0 = 5. Suppose -3*i + 5 = -4*z + 6*z, z - f*i = 22. What is the units digit of z?
7
Let b be -185*(-4)/(-12)*-3. Let t = b - 16. What is the hundreds digit of t?
1
Suppose 67*k = 59*k + 5840. What is the hundreds digit of k?
7
Let 